{"id":300,"date":"2011-02-05T18:30:53","date_gmt":"2011-02-05T16:30:53","guid":{"rendered":"http:\/\/www.heuerseite.de\/inhalt\/?page_id=300"},"modified":"2019-04-20T18:10:18","modified_gmt":"2019-04-20T16:10:18","slug":"literaturzeitschriften","status":"publish","type":"page","link":"http:\/\/www.heuerseite.de\/inhalt\/?page_id=300","title":{"rendered":"literaturzeitschriften"},"content":{"rendered":"<p><strong><a title=\"homepage &quot;am erker&quot;\" href=\"http:\/\/www.am-erker.de\">am erker<\/a> <\/strong>(im daedalus-verlag zu m\u00fcnster erscheinende literaturzeitschrift mit lyrik, prosa, essay und ausf\u00fchrlichem rezensionsteil)<strong><br \/>\n<\/strong><\/p>\n<p><a href=\"http:\/\/aglv.com\/\"><strong>das gedicht <\/strong><\/a>(jahresschrift zeitgen\u00f6ssischer lyrik in buchstarken themenausgaben &#8211; seit kurzem auch mit extra-teil kinderlyrik)<\/p>\n<p><strong><a title=\"homepage &quot;inside artzine&quot;\" href=\"http:\/\/www.inside-artzine.de\">inside artzine<\/a> <\/strong>(international artscum magazine mit collagen, malerei und texten der etwas anderen\/h\u00e4rteren gangart &#8211; nix f\u00fcr freunde des franz\u00f6sischen impressionismus!)<strong><br \/>\n<\/strong><\/p>\n<p><a title=\"homepage &quot;lauter niemand&quot;\" href=\"http:\/\/www.lauter-niemand.de\"><strong>lauter niemand<\/strong><\/a> (berliner zeitschrift f\u00fcr lyrik und prosa &#8211; herausgeber ist der gleichnamige verein, der auch lesungen veranstaltet, ein f\u00fcr jeden offenes literaturlabor betreibt und &#8211; seit kurzem &#8211; den preis f\u00fcr politische lyrik auslobt)<\/p>\n<p><strong><a title=\"ratriot \/ maulhure\" href=\"http:\/\/ratriot.jimdo.com\">maulhure<\/a><\/strong>\u00a0(hard mouth, propaganda des lyrikers und herausgebers urs b\u00f6ke, heimstatt diverser projekte und kollaborationen)<\/p>\n<p><strong><a href=\"http:\/\/www.randnummer.org\/\">randnummer<\/a> <\/strong>(hamburger literaturmagazin f\u00fcr gegenwartsliteratur mit lyrik, prosa und essay, auch in \u00fcbersetzung)<strong><br \/>\n<\/strong><\/p>\n<p><strong><a title=\"homepage &quot;sic&quot;\" href=\"http:\/\/www.siconline.de\/\">sic!<\/a> <\/strong>(aachener\/berliner jahresschrift f\u00fcr zeitgen\u00f6ssische literatur: tolle zeitschrift, und jetzt auch mit angeschlossenem verlag und buchprogramm!)<strong><br \/>\n<\/strong><\/p>\n<p><strong><a title=\"homepage &quot;signum&quot;\" href=\"http:\/\/www.zeitschrift-signum.de\">signum<\/a> <\/strong>(aus dresden stammende &#8222;bl\u00e4tter f\u00fcr literatur und kritik&#8220; &#8211; was bei ann\u00e4hernd 200 seiten in feinster aufmachung eine kleine untertreibung darstellt&#8230;)<strong><br \/>\n<\/strong><\/p>\n<p><strong><a title=\"homepage &quot;silbende kunst&quot;\" href=\"http:\/\/www.silbendekunst.de\/hefte.html\">silbende kunst<\/a> <\/strong>(heft f\u00fcr lyrische texte &#8211; gedichte und verdichtende kurzprosa &#8211; und andere sprachexperimente; offen auch f\u00fcr graphisches\/fotographisches)<strong><br \/>\n<\/strong><\/p>\n<p>&lt;&lt;- <a href=\"http:\/\/www.heuerseite.de\/inhalt\/?page_id=3\">zur\u00fcck<\/a><\/p>\n","protected":false},"excerpt":{"rendered":"<p>am erker (im daedalus-verlag zu m\u00fcnster erscheinende literaturzeitschrift mit lyrik, prosa, essay und ausf\u00fchrlichem rezensionsteil) das gedicht (jahresschrift zeitgen\u00f6ssischer lyrik in buchstarken themenausgaben &#8211; seit kurzem auch mit extra-teil kinderlyrik) inside artzine (international artscum magazine mit collagen, malerei und texten der etwas anderen\/h\u00e4rteren gangart &#8211; nix f\u00fcr freunde des franz\u00f6sischen impressionismus!) lauter niemand (berliner zeitschrift [&hellip;]<\/p>\n","protected":false},"author":3,"featured_media":0,"parent":0,"menu_order":0,"comment_status":"open","ping_status":"open","template":"","meta":[],"_links":{"self":[{"href":"http:\/\/www.heuerseite.de\/inhalt\/index.php?rest_route=\/wp\/v2\/pages\/300"}],"collection":[{"href":"http:\/\/www.heuerseite.de\/inhalt\/index.php?rest_route=\/wp\/v2\/pages"}],"about":[{"href":"http:\/\/www.heuerseite.de\/inhalt\/index.php?rest_route=\/wp\/v2\/types\/page"}],"author":[{"embeddable":true,"href":"http:\/\/www.heuerseite.de\/inhalt\/index.php?rest_route=\/wp\/v2\/users\/3"}],"replies":[{"embeddable":true,"href":"http:\/\/www.heuerseite.de\/inhalt\/index.php?rest_route=%2Fwp%2Fv2%2Fcomments&post=300"}],"version-history":[{"count":31,"href":"http:\/\/www.heuerseite.de\/inhalt\/index.php?rest_route=\/wp\/v2\/pages\/300\/revisions"}],"predecessor-version":[{"id":789,"href":"http:\/\/www.heuerseite.de\/inhalt\/index.php?rest_route=\/wp\/v2\/pages\/300\/revisions\/789"}],"wp:attachment":[{"href":"http:\/\/www.heuerseite.de\/inhalt\/index.php?rest_route=%2Fwp%2Fv2%2Fmedia&parent=300"}],"curies":[{"name":"wp","href":"https:\/\/api.w.org\/{rel}","templated":true}]}}