{"id":5,"date":"2007-06-11T18:53:48","date_gmt":"2007-06-11T16:53:48","guid":{"rendered":"http:\/\/www.heuerseite.de\/inhalt\/?page_id=5"},"modified":"2020-09-14T19:23:10","modified_gmt":"2020-09-14T17:23:10","slug":"musik","status":"publish","type":"page","link":"http:\/\/www.heuerseite.de\/inhalt\/?page_id=5","title":{"rendered":"musik"},"content":{"rendered":"<p><img decoding=\"async\" title=\"swine_musik.gif\" src=\"http:\/\/www.heuerseite.de\/inhalt\/wp-content\/uploads\/2007\/11\/swine_musik.gif\" alt=\"swine_musik.gif\" align=\"right\" \/><\/p>\n<h1><strong><span style=\"font-size: x-large;\">tiefblau<\/span><\/strong><\/h1>\n<p><strong> <span style=\"font-size: medium;\"><br \/><\/span><\/strong><\/p>\n<p>seit einigen jahren bin ich texter der band tiefblau &#8211; endlich kann ich mal dem endreim fr\u00f6nen&#8230;<\/p>\n<p>\u00a0<\/p>\n<p><a href=\"http:\/\/www.heuerseite.de\/inhalt\/wp-content\/uploads\/2007\/06\/Tiefblau_image_full.jpg\" rel=\"shadowbox[sbpost-5];player=img;\"><img decoding=\"async\" loading=\"lazy\" class=\"alignnone size-full wp-image-848\" src=\"http:\/\/www.heuerseite.de\/inhalt\/wp-content\/uploads\/2007\/06\/Tiefblau_image_full.jpg\" alt=\"tiefblau\" width=\"765\" height=\"575\" srcset=\"http:\/\/www.heuerseite.de\/inhalt\/wp-content\/uploads\/2007\/06\/Tiefblau_image_full.jpg 765w, http:\/\/www.heuerseite.de\/inhalt\/wp-content\/uploads\/2007\/06\/Tiefblau_image_full-300x225.jpg 300w\" sizes=\"(max-width: 765px) 100vw, 765px\" \/><\/a><\/p>\n<p>tiefblau macht deutschsprachigen, soul-orientierten pop und auf der b\u00fchne mit stattlicher 10-mann\/frau-besetzung einiges her.<\/p>\n<p>fotos und informationen zur band sowie alles \u00fcber bereits absolvierte und noch kommende konzerte finden sich auf <a title=\"Homepage der Band Tiefblau\" href=\"http:\/\/www.tiefblau-musik.de\">www.tiefblau-musik.de<\/a>.<\/p>\n\n\n<p>und hier ein paar videos:<\/p>\n\n\n\n<p><strong><a href=\"https:\/\/youtu.be\/B24Vme95CVg?list=TLPQMTQwOTIwMjAsvvL12bJAdw\">aus dem herzen  (live)<\/a><br><a href=\"https:\/\/youtu.be\/ZzIEXZrn5vA?list=RDEMY-4lNiSNul0L60ZZrhT-8g\">\u00f6fter mal schweigen<\/a><br><a href=\"https:\/\/youtu.be\/SalcakK4xxw?list=TLPQMTQwOTIwMjAsvvL12bJAdw\">du gehst mir aufs gem\u00fct<\/a><br><a href=\"https:\/\/youtu.be\/pFOM4Y-Myvk?list=TLPQMTQwOTIwMjAsvvL12bJAdw\">fallobst<\/a><br><a href=\"https:\/\/youtu.be\/2yfynbuE8CU?list=TLPQMTQwOTIwMjAsvvL12bJAdw\">h\u00e4tte k\u00f6nnte w\u00fcrde<\/a><\/strong><br><strong><a href=\"https:\/\/youtu.be\/EtAYC_7xIEM?list=TLPQMTQwOTIwMjAsvvL12bJAdw\">es brennt noch licht<\/a><\/strong><\/p>\n","protected":false},"excerpt":{"rendered":"<p>tiefblau seit einigen jahren bin ich texter der band tiefblau &#8211; endlich kann ich mal dem endreim fr\u00f6nen&#8230; \u00a0 tiefblau macht deutschsprachigen, soul-orientierten pop und auf der b\u00fchne mit stattlicher 10-mann\/frau-besetzung einiges her. fotos und informationen zur band sowie alles \u00fcber bereits absolvierte und noch kommende konzerte finden sich auf www.tiefblau-musik.de. und hier ein paar [&hellip;]<\/p>\n","protected":false},"author":4,"featured_media":0,"parent":0,"menu_order":3,"comment_status":"open","ping_status":"open","template":"","meta":[],"_links":{"self":[{"href":"http:\/\/www.heuerseite.de\/inhalt\/index.php?rest_route=\/wp\/v2\/pages\/5"}],"collection":[{"href":"http:\/\/www.heuerseite.de\/inhalt\/index.php?rest_route=\/wp\/v2\/pages"}],"about":[{"href":"http:\/\/www.heuerseite.de\/inhalt\/index.php?rest_route=\/wp\/v2\/types\/page"}],"author":[{"embeddable":true,"href":"http:\/\/www.heuerseite.de\/inhalt\/index.php?rest_route=\/wp\/v2\/users\/4"}],"replies":[{"embeddable":true,"href":"http:\/\/www.heuerseite.de\/inhalt\/index.php?rest_route=%2Fwp%2Fv2%2Fcomments&post=5"}],"version-history":[{"count":23,"href":"http:\/\/www.heuerseite.de\/inhalt\/index.php?rest_route=\/wp\/v2\/pages\/5\/revisions"}],"predecessor-version":[{"id":856,"href":"http:\/\/www.heuerseite.de\/inhalt\/index.php?rest_route=\/wp\/v2\/pages\/5\/revisions\/856"}],"wp:attachment":[{"href":"http:\/\/www.heuerseite.de\/inhalt\/index.php?rest_route=%2Fwp%2Fv2%2Fmedia&parent=5"}],"curies":[{"name":"wp","href":"https:\/\/api.w.org\/{rel}","templated":true}]}}